{"id":3,"date":"2020-04-24T10:34:34","date_gmt":"2020-04-24T08:34:34","guid":{"rendered":"https:\/\/www.meinesel.at\/shop\/?page_id=3"},"modified":"2021-05-10T15:27:20","modified_gmt":"2021-05-10T13:27:20","slug":"datenschutzerklaerung","status":"publish","type":"page","link":"https:\/\/www.meinesel.at\/shop\/?page_id=3","title":{"rendered":"Datenschutzerkl\u00e4rung"},"content":{"rendered":"\n<p>Datenschutz<br><strong>Erkl\u00e4rung zur Informationspflicht<\/strong><br>(Datenschutzerkl\u00e4rung)<\/p>\n\n\n\n<p>Der Schutz Ihrer pers\u00f6nlichen Daten ist uns ein besonderes Anliegen. Wir verarbeiten Ihre Daten daher ausschlie\u00dflich auf Grundlage der gesetzlichen Bestimmungen (DSGVO, TKG 2003). In diesen Datenschutzinformationen informieren wir Sie \u00fcber die wichtigsten Aspekte der Datenverarbeitung im Rahmen unserer Website.<\/p>\n\n\n\n<p><strong>Kontakt mit uns<\/strong><br>Wenn Sie per Formular auf der Website oder per E-Mail Kontakt mit uns aufnehmen, werden Ihre angegebenen Daten zwecks Bearbeitung der Anfrage und f\u00fcr den Fall von Anschlussfragen sechs Monate bei uns gespeichert. Diese Daten geben wir nicht ohne Ihre Einwilligung weiter.<\/p>\n\n\n\n<p><strong>Datenspeicherung<\/strong><br>Wir weisen darauf hin, dass zum Zweck des einfacheren Einkaufsvorganges und zur sp\u00e4teren Vertragsabwicklung vom Webshop-Betreiber im Rahmen von Cookies die IP-Daten des Anschlussinhabers gespeichert werden, ebenso wie Name und Anschrift des K\u00e4ufers.<br>Dar\u00fcber hinaus werden zum Zweck der Vertragsabwicklung folgende Daten auch bei uns gespeichert: Telefonnummer und Email Adresse. Die von Ihnen bereit gestellten Daten sind zur Vertragserf\u00fcllung bzw. zur Durchf\u00fchrung vorvertraglicher Ma\u00dfnahmen erforderlich. Ohne diese Daten k\u00f6nnen wir den Vertrag mit Ihnen nicht abschlie\u00dfen. Eine Daten\u00fcbermittlung an Dritte erfolgt nicht, mit Ausnahme an das von uns beauftragte Transportunternehmen\/Versandunternehmen zur Zustellung der Ware sowie an unseren Steuerberater zur Erf\u00fcllung unserer steuerrechtlichen Verpflichtungen.<br>Nach Abbruch des Einkaufsvorganges werden die bei uns gespeicherten Daten gel\u00f6scht. Im Falle eines Vertragsabschlusses werden s\u00e4mtliche Daten aus dem Vertragsverh\u00e4ltnis bis zum Ablauf der steuerrechtlichen Aufbewahrungsfrist (7 Jahre) gespeichert.&nbsp;&nbsp;<br>Die Datenverarbeitung erfolgt auf Basis der gesetzlichen Bestimmungen des \u00a7 96 Abs 3 TKG sowie des Art 6 Abs 1 lit a (Einwilligung) und\/oder lit b (notwendig zur Vertragserf\u00fcllung) der DSGVO.<\/p>\n\n\n\n<p>Cookies<br>Unsere Website verwendet so genannte Cookies. Dabei handelt es sich um kleine Textdateien, die mit Hilfe des Browsers auf Ihrem Endger\u00e4t abgelegt werden. Sie richten keinen Schaden an.<br>Wir nutzen Cookies dazu, unser Angebot nutzerfreundlich zu gestalten. Einige Cookies bleiben auf Ihrem Endger\u00e4t gespeichert, bis Sie diese l\u00f6schen. Sie erm\u00f6glichen es uns, Ihren Browser beim n\u00e4chsten Besuch wiederzuerkennen.<br>Wenn Sie dies nicht w\u00fcnschen, so k\u00f6nnen Sie Ihren Browser so einrichten, dass er Sie \u00fcber das Setzen von Cookies informiert und Sie dies nur im Einzelfall erlauben.<br>Bei der Deaktivierung von Cookies kann die Funktionalit\u00e4t unserer Website eingeschr\u00e4nkt sein.<\/p>\n\n\n\n<p>Web-Analyse<br>Unsere Website verwendet Funktionen des Webanalysedienstes Google Adwords (Google LLC, 1600 Amphitheatre Parkway Mountain View, CA 94043, USA). Dazu werden Cookies verwendet, die eine Analyse der Benutzung der Website durch ihre Benutzer erm\u00f6glicht. Die dadurch erzeugten Informationen werden auf den Server des Anbieters \u00fcbertragen und dort gespeichert.<br>Sie k\u00f6nnen dies verhindern, indem Sie Ihren Browser so einrichten, dass keine Cookies gespeichert werden.<br>Wir haben mit dem Anbieter einen entsprechenden Vertrag zur Auftragsdatenverarbeitung abgeschlossen.<br>Ihre IP-Adresse wird erfasst, aber umgehend [zB durch L\u00f6schung der letzten 8 Bit] pseudonymisiert. Dadurch ist nur mehr eine grobe Lokalisierung m\u00f6glich.<br>Die Datenverarbeitung erfolgt auf Basis der gesetzlichen Bestimmungen des \u00a7 96 Abs 3 TKG sowie des Art 6 Abs 1 lit a (Einwilligung) und\/oder f (berechtigtes Interesse) der DSGVO.<br>Unser Anliegen im Sinne der DSGVO (berechtigtes Interesse) ist die Verbesserung unseres Angebotes und unseres Webauftritts. Da uns die Privatsph\u00e4re unserer Nutzer wichtig ist, werden die Nutzerdaten pseudonymisiert<br>Die Nutzerdaten werden f\u00fcr die Dauer von 18 Monaten aufbewahrt.<br>Ihre Rechte<br>Ihnen stehen grunds\u00e4tzlich die Rechte auf Auskunft, Berichtigung, L\u00f6schung, Einschr\u00e4nkung, Daten\u00fcbertragbarkeit, Widerruf und Widerspruch zu. Wenn Sie glauben, dass die Verarbeitung Ihrer Daten gegen das Datenschutzrecht verst\u00f6\u00dft oder Ihre datenschutzrechtlichen Anspr\u00fcche sonst in einer Weise verletzt worden sind, k\u00f6nnen Sie sich bei der Aufsichtsbeh\u00f6rde beschweren. In \u00d6sterreich ist dies die Datenschutzbeh\u00f6rde.<\/p>\n\n\n\n<p>Sie erreichen uns unter folgenden Kontaktdaten:<br>Baudesign + technik gmbH, Ing. Karl P\u00f6schlmayer, Hauptstra\u00dfe 67, 8793 Trofaiach, +43 664 4305254<br>Stand: Mai 2018<\/p>\n\n\n\n<h2 class=\"wp-block-heading\">Google Analytics Erg\u00e4nzung<\/h2>\n\n\n\n<p>&nbsp;Diese Website benutzt Google Analytics, einen Webanalysedienst der Google Inc. (\u201eGoogle\u201c). Google Analytics verwendet sog. \u201eCookies\u201c, Textdateien, die auf Ihrem Computer gespeichert werden und die eine Analyse der Benutzung der Website durch Sie erm\u00f6glichen. Die durch den Cookie erzeugten Informationen \u00fcber Ihre Benutzung dieser Website werden in der Regel an einen Server von Google in den USA \u00fcbertragen und dort gespeichert. Im Falle der Aktivierung der IP-Anonymisierung auf dieser Webseite, wird Ihre IP-Adresse von Google jedoch innerhalb von Mitgliedstaaten der Europ\u00e4ischen Union oder in anderen Vertragsstaaten des Abkommens \u00fcber den Europ\u00e4ischen Wirtschaftsraum zuvor gek\u00fcrzt. Nur in Ausnahmef\u00e4llen wird die volle IP-Adresse an einen Server von Google in den USA \u00fcbertragen und dort gek\u00fcrzt. Im Auftrag des Betreibers dieser Website wird Google diese Informationen benutzen, um Ihre Nutzung der Website auszuwerten, um Reports \u00fcber die Websiteaktivit\u00e4ten zusammenzustellen und um weitere mit der Websitenutzung und der Internetnutzung verbundene Dienstleistungen gegen\u00fcber dem Websitebetreiber zu erbringen. Die im Rahmen von Google Analytics von Ihrem Browser \u00fcbermittelte IP-Adresse wird nicht mit anderen Daten von Google zusammengef\u00fchrt. Sie k\u00f6nnen die Speicherung der Cookies durch eine entsprechende Einstellung Ihrer Browser-Software verhindern; wir weisen Sie jedoch darauf hin, dass Sie in diesem Fall gegebenenfalls nicht s\u00e4mtliche Funktionen dieser Website vollumf\u00e4nglich werden nutzen k\u00f6nnen. Sie k\u00f6nnen dar\u00fcber hinaus die Erfassung der durch das Cookie erzeugten und auf Ihre Nutzung der Website bezogenen Daten (inkl. Ihrer IP-Adresse) an Google sowie die Verarbeitung dieser Daten durch Google verhindern, indem Sie das unter dem folgenden Link verf\u00fcgbare Browser-Plugin herunterladen und installieren:&nbsp;<a href=\"http:\/\/tools.google.com\/dlpage\/gaoptout\" target=\"_blank\" rel=\"noreferrer noopener\">http:\/\/tools.google.com\/dlpage\/gaoptout<\/a><br><br>Sie k\u00f6nnen die Erfassung durch Google Analytics verhindern, indem Sie auf folgenden&nbsp;<a href=\"https:\/\/www.meinesel.at\/Impressum\/\" target=\"_blank\" rel=\"noreferrer noopener\">Link<\/a>&nbsp;klicken.<br>Es wird ein Opt-Out-Cookie gesetzt, der die zuk\u00fcnftige Erfassung Ihrer Daten beim Besuch dieser Website verhindert<\/p>\n\n\n\n<p>N\u00e4here Informationen zu Nutzungsbedingungen und Datenschutz finden Sie unter den&nbsp;<a href=\"https:\/\/www.google.com\/analytics\/terms\/de.html\" target=\"_blank\" rel=\"noreferrer noopener\">Google Analytics Bedingungen<\/a>&nbsp;bzw. unter der&nbsp;<a href=\"https:\/\/www.google.com\/intl\/de\/policies\/privacy\/index.html\" target=\"_blank\" rel=\"noreferrer noopener\">Google Analytics \u00dcbersicht<\/a>. Wir weisen Sie darauf hin, dass auf dieser Webseite Google Analytics um den Code &#8222;gat._anonymizeIp();&#8220; erweitert wurde, um eine anonymisierte Erfassung von IP-Adressen (sog. IP-Masking) zu gew\u00e4hrleisten.<\/p>\n\n\n\n<h2 class=\"wp-block-heading\">reCAPTCHA<\/h2>\n\n\n\n<p>&nbsp;Zum Schutz Ihrer Anfragen per Internetformular verwenden wir den Dienst reCAPTCHA des Unternehmens Google Inc. (Google). Die Abfrage dient der Unterscheidung, ob die Eingabe durch einen Menschen oder missbr\u00e4uchlich durch automatisierte, maschinelle Verarbeitung erfolgt. Die Abfrage schlie\u00dft den Versand der IP-Adresse und ggf. weiterer von Google f\u00fcr den Dienst reCAPTCHA ben\u00f6tigter Daten an Google ein. Zu diesem Zweck wird Ihre Eingabe an Google \u00fcbermittelt und dort weiter verwendet. Ihre IP-Adresse wird von Google jedoch innerhalb von Mitgliedstaaten der Europ\u00e4ischen Union oder in anderen Vertragsstaaten des Abkommens \u00fcber den Europ\u00e4ischen Wirtschaftsraum zuvor gek\u00fcrzt. Nur in Ausnahmef\u00e4llen wird die volle IP-Adresse an einen Server von Google in den USA \u00fcbertragen und dort gek\u00fcrzt. Im Auftrag des Betreibers dieser Website wird Google diese Informationen benutzen, um Ihre Nutzung dieses Dienstes auszuwerten. Die im Rahmen von reCaptcha von Ihrem Browser \u00fcbermittelte IP-Adresse wird nicht mit anderen Daten von Google zusammengef\u00fchrt. F\u00fcr diese Daten gelten die abweichenden Datenschutzbestimmungen des Unternehmens Google. Weitere Informationen zu den Datenschutzrichtlinien von Google finden Sie unter:&nbsp;<a href=\"https:\/\/policies.google.com\/privacy?hl=de\" target=\"_blank\" rel=\"noreferrer noopener\">https:\/\/policies.google.com\/privacy?hl=de&nbsp;&nbsp;<\/a><\/p>\n\n\n\n<h1 class=\"wp-block-heading\" id=\"cookie-policy\">Cookie Policy<\/h1>\n\n\n\n<p>Mit dieser Cookie Richtlinie informiert der Website-Betreiber den Nutzer der Website \u00fcber den Einsatz von Cookies oder \u00e4hnlichen Speichertechnologien (nachfolgend \u201eCookies\u201c) auf dieser Website.<\/p>\n\n\n\n<h2 class=\"wp-block-heading\" id=\"was-sind-cookies\">Was sind Cookies?<\/h2>\n\n\n\n<p>Cookies sind kleine Textdateien, die vom Webbrowser auf dem Endger\u00e4t des Nutzers zur Speicherung von bestimmten Informationen abgelegt werden. Beim n\u00e4chsten Aufruf unserer Website mit demselben Endger\u00e4t werden die in Cookies gespeicherten Informationen an unsere Website (\u201eFirst Party Cookie\u201c) oder eine andere Website, zu der das Cookie geh\u00f6rt (\u201eThird Party Cookie\u201c), zur\u00fcckgesandt.<\/p>\n\n\n\n<p>Durch die im Cookie gespeicherten und zur\u00fcckgesandten Informationen erkennt die jeweilige Website, dass der Nutzer diese mit dem Webbrowser seines Endger\u00e4ts bereits aufgerufen und besucht hat. Diese Informationen nutzen wir, um dem Nutzer die Website gem\u00e4\u00df seinen Pr\u00e4ferenzen optimal anzeigen zu k\u00f6nnen.<\/p>\n\n\n\n<p>&nbsp;Es wird hierbei aber nur das Cookie selbst auf dem Endger\u00e4t identifiziert. Eine dar\u00fcber hinausgehende Speicherung von personenbezogenen Daten erfolgt nur, wenn der Nutzer uns seine ausdr\u00fcckliche Zustimmung daf\u00fcr gibt oder wenn diese Speicherung unbedingt erforderlich ist, um den angebotenen und aufgerufenen Dienst nutzen zu k\u00f6nnen.<br><\/p>\n\n\n\n<h2 class=\"wp-block-heading\" id=\"zustimmung-zur-verwendung-von-cookies\">Zustimmung zur Verwendung von Cookies<\/h2>\n\n\n\n<p>&nbsp;Cookies, die nicht unbedingt erforderlich sind, um die Dienste auf dieser Website zur Verf\u00fcgung zu stellen, werden erst nach der Einwilligung verwendet. Indem der Nutzer diese Website nach dem Einblenden des Cookie-Banners aktiv weiter nutzt, willigt er in die Verwendung von Cookies ein.<\/p>\n\n\n\n<p>Seine&nbsp;<a href=\"https:\/\/www.olivenoel.co.at\/j\/cookies\/settings\" target=\"_blank\" rel=\"noreferrer noopener\">Cookie Einstellungen<\/a>&nbsp;kann der Nutzer jederzeit individuell anpassen, indem er zum Beispiel einzelne Cookie-Kategorien aktiviert oder deaktiviert.<\/p>\n\n\n\n<p>Wie der Nutzer Cookies generell (inklusive der unbedingt erforderlichen Cookies) in seinem Browser deaktivieren oder l\u00f6schen kann, wird unter dem Punkt &#8222;Deaktivierung oder L\u00f6schung s\u00e4mtlicher Cookies&#8220; beschrieben.<br><\/p>\n\n\n\n<h2 class=\"wp-block-heading\" id=\"kategorien-der-verwendeten-cookies\">Kategorien der verwendeten Cookies<\/h2>\n\n\n\n<p>&nbsp; Je nach Verwendungszweck und Funktion unterteilen wir die von der Website verwendeten Cookies in die folgenden Kategorien:<\/p>\n\n\n\n<ul class=\"wp-block-list\"><li>Unbedingt erforderliche Cookies;<\/li><li>Funktionale-Cookies;<\/li><li>Performance-Cookies;<\/li><li>Marketing- \/ Third Party- \/ Zustimmungspflichtige-Cookies<\/li><\/ul>\n\n\n\n<h3 class=\"wp-block-heading\" id=\"unbedingt-erforderliche-cookies\">Unbedingt erforderliche Cookies<\/h3>\n\n\n\n<p>Unbedingt erforderliche Cookies sorgen daf\u00fcr, dass diese Website, beziehungsweise der Dienst, ordnungsgem\u00e4\u00df funktioniert. Das hei\u00dft, ohne diese Cookies ist diese Website, beziehungsweise der Dienst, nicht wie vorgesehen nutzbar. Diese Art von Cookies wird ausschlie\u00dflich von dem Betreiber der Website verwendet (First Party Cookies) und s\u00e4mtliche Informationen, die in den Cookies gespeichert sind, werden nur an diese Website gesendet.<\/p>\n\n\n\n<p>Auf unserer Webseite kommen folgende unbedingt erforderlichen Cookies zum Einsatz:&nbsp;&nbsp;Name Zweck Laufzeit&nbsp;&nbsp;<\/p>\n\n\n\n<p>Die Nutzung von unbedingt erforderlichen Cookies auf dieser Website ist ohne die Einwilligung des Nutzers m\u00f6glich. Aus diesem Grund k\u00f6nnen unbedingt erforderliche Cookies auch nicht einzeln deaktiviert bzw. aktiviert werden. Diese Funktion steht nur bei einwilligungspflichtigen Cookies, also den Funktionalen Cookies, den Performance-Cookies und den Marketing- \/ Third Party- \/ Zustimmungspflichtige-Cookies, zur Verf\u00fcgung. Der Nutzer hat allerdings jederzeit die M\u00f6glichkeit, Cookies generell in seinem Browser zu deaktivieren (siehe Punkt &#8222;Deaktivierung oder L\u00f6schung s\u00e4mtlicher Cookies&#8220;).<\/p>\n\n\n\n<p>Die Rechtsgrundlage f\u00fcr die Nutzung der First Party Cookies ist ein berechtigtes Interesse (d. h. Interesse an der Analyse, Optimierung und dem wirtschaftlichen Betrieb dieser Website und Leistungen) im Sinne des Art. 6 Abs. 1 S. 1 lit. f DSGVO.<br><\/p>\n\n\n\n<h3 class=\"wp-block-heading\" id=\"funktionale-cookies\">Funktionale Cookies<\/h3>\n\n\n\n<p>Funktionale Cookies erm\u00f6glichen dieser Webseite, get\u00e4tigte Angaben, wie z. B. den Benutzernamen oder die Sprachauswahl, zu speichern und dem Nutzer darauf basierend verbesserte und personalisierte Funktionen anzubieten. Diese Cookies sammeln und speichern ausschlie\u00dflich anonymisierte Informationen.<\/p>\n\n\n\n<p>Auf unserer Webseite kommen folgende Funktionale Cookies zum Einsatz:&nbsp;&nbsp;Name Zweck Laufzeit&nbsp;&nbsp;<\/p>\n\n\n\n<p>Der Nutzer kann der Verwendung von Funktionalen Cookies jederzeit widersprechen, indem er seine&nbsp;<a href=\"https:\/\/www.olivenoel.co.at\/j\/cookies\/settings\" target=\"_blank\" rel=\"noreferrer noopener\">Cookie Einstellungen<\/a>&nbsp;entsprechend anpasst.Die Rechtsgrundlage f\u00fcr die Nutzung der Funktionalen-Cookies ist ein berechtigtes Interesse (d. h. Interesse an der Analyse, Optimierung und dem wirtschaftlichen Betrieb dieser Website und Leistungen) im Sinne des Art. 6 Abs. 1 S. 1 lit. f DSGVO.<\/p>\n\n\n\n<h3 class=\"wp-block-heading\" id=\"performance-cookies\">Performance Cookies<\/h3>\n\n\n\n<p>Performance Cookies sammeln Informationen dar\u00fcber, wie unsere Webseiten genutzt werden, um darauf basierend deren Attraktivit\u00e4t, Inhalt und Funktionalit\u00e4t zu verbessern. Diese Cookies helfen uns beispielsweise festzustellen, ob und welche Unterseiten unserer Webseite besucht werden und f\u00fcr welche Inhalte sich die Nutzer besonders interessieren. Wir erfassen die Anzahl der Zugriffe auf eine Seite, die Anzahl der aufgerufenen Unterseiten, die auf unserer Webseite verbrachte Zeit, die Reihenfolge der besuchten Seiten, welche Suchbegriffe unsere Nutzer zu uns gef\u00fchrt haben, das Land, die Region und gegebenenfalls die Stadt aus der der Zugriff erfolgt, sowie den Anteil von mobilen Endger\u00e4ten, die auf unsere Webseiten zugreifen. Die aus technischen Gr\u00fcnden \u00fcbermittelte IP-Adresse eines Rechners wird automatisch anonymisiert und erm\u00f6glicht uns keinen R\u00fcckschluss auf den einzelnen Nutzer.<\/p>\n\n\n\n<p>Der Nutzer der Website hat auch das Recht, aus Gr\u00fcnden, die sich aus seiner besonderen Situation ergeben, bei der Verarbeitung ihn betreffender personenbezogener Daten, die zu statistischen Zwecken gem. Art. 89 Abs. 1 DSGVO erfolgt, zu widersprechen. Zur Wahrnehmung dieser und anderer Betroffenenrechte, kann sich ein Betroffener jederzeit an die im Impressum beziehungsweise in der Datenschutzerkl\u00e4rung angegebene Kontaktadresse wenden.<\/p>\n\n\n\n<p>Auf unserer Webseite kommen folgende Performance Cookies zum Einsatz:&nbsp;&nbsp;Name Zweck Laufzeit&nbsp;&nbsp;<\/p>\n\n\n\n<p>Der Nutzer der Website kann der Verwendung von Performance-Cookies jederzeit widersprechen, indem er seine&nbsp;<a href=\"https:\/\/www.olivenoel.co.at\/j\/cookies\/settings\" target=\"_blank\" rel=\"noreferrer noopener\">Cookie Einstellungen<\/a>&nbsp;entsprechend anpasst.Die Rechtsgrundlage f\u00fcr die Nutzung der Performance-Cookies ist ein berechtigtes Interesse (d. h. Interesse an der Analyse, Optimierung und dem wirtschaftlichen Betrieb unserer Webseite und Leistungen) im Sinne des Art. 6 Abs. 1 S. 1 lit. f DSGVO .<\/p>\n\n\n\n<h3 class=\"wp-block-heading\" id=\"marketing-third-party-zustimmungspflichtige-cookies\">Marketing- \/ Third Party- \/ Zustimmungspflichtige-Cookies<\/h3>\n\n\n\n<p>Marketing- \/ Third Party- \/ Zustimmungspflichtige-Cookies stammen unter anderem von externen Werbeunternehmen und werden verwendet, um Informationen \u00fcber die vom Nutzer besuchten Websites zu sammeln, um z. B. zielgruppenorientierte Werbung f\u00fcr den Benutzer zu erstellen.<\/p>\n\n\n\n<p>Auf unserer Webseite kommen folgende Marketing- \/ Third Party- \/ Zustimmungspflichtige-Cookies zum Einsatz:&nbsp;&nbsp;Name Zweck Laufzeit&nbsp;&nbsp;<\/p>\n\n\n\n<p>Der Nutzer kann der Verwendung von Marketing-Cookies jederzeit widersprechen, indem er seine&nbsp;<a href=\"https:\/\/www.olivenoel.co.at\/j\/cookies\/settings\" target=\"_blank\" rel=\"noreferrer noopener\">Cookie Einstellungen<\/a>&nbsp;entsprechend anpasst.<\/p>\n\n\n\n<p>Aufgrund der oben beschriebenen Verwendungszwecke liegt die Rechtsgrundlage f\u00fcr die Verarbeitung personenbezogener Daten unter Verwendung von Cookies in Art. 6 Abs. 1 lit. f DSGVO. Falls der Nutzer auf Grundlage eines von uns auf der Website erteilten Hinweises (\u201eCookie-Banner\u201c) eine Einwilligung zur Verwendung von Cookies erteilt hat, richtet sich die Rechtm\u00e4\u00dfigkeit der Verwendung zus\u00e4tzlich nach Art. 6 Abs. 1 S. 1 lit. a DSGVO.<\/p>\n","protected":false},"excerpt":{"rendered":"<p>DatenschutzErkl\u00e4rung zur Informationspflicht(Datenschutzerkl\u00e4rung) Der Schutz Ihrer pers\u00f6nlichen Daten ist uns ein besonderes Anliegen. Wir verarbeiten Ihre Daten daher ausschlie\u00dflich auf Grundlage der gesetzlichen Bestimmungen (DSGVO, TKG 2003). In diesen Datenschutzinformationen informieren wir Sie \u00fcber die wichtigsten Aspekte der Datenverarbeitung im Rahmen unserer Website. Kontakt mit unsWenn Sie per Formular auf der Website oder per E-Mail &hellip; <\/p>\n<p class=\"link-more\"><a href=\"https:\/\/www.meinesel.at\/shop\/?page_id=3\" class=\"more-link\"><span class=\"screen-reader-text\">\u201eDatenschutzerkl\u00e4rung\u201c<\/span> weiterlesen<\/a><\/p>\n","protected":false},"author":1,"featured_media":0,"parent":0,"menu_order":0,"comment_status":"closed","ping_status":"open","template":"","meta":{"footnotes":""},"class_list":["post-3","page","type-page","status-publish","hentry"],"jetpack_sharing_enabled":true,"_links":{"self":[{"href":"https:\/\/www.meinesel.at\/shop\/index.php?rest_route=\/wp\/v2\/pages\/3","targetHints":{"allow":["GET"]}}],"collection":[{"href":"https:\/\/www.meinesel.at\/shop\/index.php?rest_route=\/wp\/v2\/pages"}],"about":[{"href":"https:\/\/www.meinesel.at\/shop\/index.php?rest_route=\/wp\/v2\/types\/page"}],"author":[{"embeddable":true,"href":"https:\/\/www.meinesel.at\/shop\/index.php?rest_route=\/wp\/v2\/users\/1"}],"replies":[{"embeddable":true,"href":"https:\/\/www.meinesel.at\/shop\/index.php?rest_route=%2Fwp%2Fv2%2Fcomments&post=3"}],"version-history":[{"count":1,"href":"https:\/\/www.meinesel.at\/shop\/index.php?rest_route=\/wp\/v2\/pages\/3\/revisions"}],"predecessor-version":[{"id":444,"href":"https:\/\/www.meinesel.at\/shop\/index.php?rest_route=\/wp\/v2\/pages\/3\/revisions\/444"}],"wp:attachment":[{"href":"https:\/\/www.meinesel.at\/shop\/index.php?rest_route=%2Fwp%2Fv2%2Fmedia&parent=3"}],"curies":[{"name":"wp","href":"https:\/\/api.w.org\/{rel}","templated":true}]}}